{"id":5587,"date":"2024-08-02T14:58:41","date_gmt":"2024-08-02T18:58:41","guid":{"rendered":"https:\/\/eriestclairparishes.com\/?page_id=5587"},"modified":"2025-07-18T12:29:23","modified_gmt":"2025-07-18T16:29:23","slug":"finance-committee","status":"publish","type":"page","link":"https:\/\/eriestclairparishes.com\/francais\/finance-committee\/","title":{"rendered":"Comit\u00e9 des finances"},"content":{"rendered":"<p class=\"wp-block-paragraph\"><strong>Chaque paroisse est responsable de ses propre finances.&nbsp;<\/strong>Le comit\u00e9 des finances prend ses d\u00e9cisions lors de r\u00e9unions mensuelles, g\u00e9n\u00e9ralement le quatri\u00e8me lundi du mois.<br><br>N'h\u00e9sitez pas \u00e0 discuter de tout ce qui concerne les finances avec l'un des membres de la commission des finances, en particulier avec les deux membres de votre paroisse.  Il est pr\u00e9f\u00e9rable d'exprimer votre question, votre suggestion ou votre inqui\u00e9tude au moins une semaine avant la r\u00e9union afin qu'elle soit inscrite \u00e0 l'ordre du jour de la prochaine r\u00e9union.&nbsp;<\/p>\n\n\n\n<hr class=\"wp-block-separator has-alpha-channel-opacity is-style-wide\"\/>\n\n\n\n<h4 class=\"wp-block-heading\">Membres du Comit\u00e9 des finances<\/h4>\n\n\n\n<div class=\"wp-block-media-text is-stacked-on-mobile\" style=\"grid-template-columns:24% auto\"><figure class=\"wp-block-media-text__media\"><img data-recalc-dims=\"1\" loading=\"lazy\" decoding=\"async\" width=\"400\" height=\"400\" src=\"https:\/\/i0.wp.com\/eriestclairparishes.com\/wp-content\/uploads\/2025\/07\/21316723-1699884497077-42a2e85573dc9-1.jpg?resize=400%2C400&#038;ssl=1\" alt=\"\" class=\"wp-image-7646 size-full\" srcset=\"https:\/\/i0.wp.com\/eriestclairparishes.com\/wp-content\/uploads\/2025\/07\/21316723-1699884497077-42a2e85573dc9-1.jpg?w=400&amp;ssl=1 400w, https:\/\/i0.wp.com\/eriestclairparishes.com\/wp-content\/uploads\/2025\/07\/21316723-1699884497077-42a2e85573dc9-1.jpg?resize=300%2C300&amp;ssl=1 300w, https:\/\/i0.wp.com\/eriestclairparishes.com\/wp-content\/uploads\/2025\/07\/21316723-1699884497077-42a2e85573dc9-1.jpg?resize=150%2C150&amp;ssl=1 150w, https:\/\/i0.wp.com\/eriestclairparishes.com\/wp-content\/uploads\/2025\/07\/21316723-1699884497077-42a2e85573dc9-1.jpg?resize=12%2C12&amp;ssl=1 12w, https:\/\/i0.wp.com\/eriestclairparishes.com\/wp-content\/uploads\/2025\/07\/21316723-1699884497077-42a2e85573dc9-1.jpg?resize=200%2C200&amp;ssl=1 200w\" sizes=\"auto, (max-width: 400px) 100vw, 400px\" \/><\/figure><div class=\"wp-block-media-text__content\">\n<p class=\"wp-block-paragraph\">P\u00e8re Kieran Alaribe<br>Pasteur de la famille des paroisses catholiques d'Erie et de St. Clair<br><a href=\"tel:(519) 687-3118 X 222\">(519) 687-3118 X 222<\/a><br><a href=\"mailto:kalaribe@dol.ca\">kalaribedol.ca<\/a><\/p>\n<\/div><\/div>\n\n\n\n<div class=\"wp-block-media-text has-media-on-the-right is-stacked-on-mobile\" style=\"grid-template-columns:auto 25%\"><div class=\"wp-block-media-text__content\">\n<p class=\"has-text-align-right wp-block-paragraph\">P\u00e8re Edward Okorie<br>Pasteur adjoint<br><a href=\"tel:(519) 687-3118  X 223\">(519) 687-3118 X 223<\/a><br><a href=\"mailto:eokorie@dol.ca\">eokoriedol.ca<\/a><\/p>\n<\/div><figure class=\"wp-block-media-text__media\"><img data-recalc-dims=\"1\" loading=\"lazy\" decoding=\"async\" width=\"716\" height=\"785\" src=\"https:\/\/i0.wp.com\/eriestclairparishes.com\/wp-content\/uploads\/2025\/07\/Screenshot-2025-07-10-at-11.17.53-AM-1.png?resize=716%2C785&#038;ssl=1\" alt=\"\" class=\"wp-image-7648 size-full\" srcset=\"https:\/\/i0.wp.com\/eriestclairparishes.com\/wp-content\/uploads\/2025\/07\/Screenshot-2025-07-10-at-11.17.53-AM-1.png?w=716&amp;ssl=1 716w, https:\/\/i0.wp.com\/eriestclairparishes.com\/wp-content\/uploads\/2025\/07\/Screenshot-2025-07-10-at-11.17.53-AM-1.png?resize=274%2C300&amp;ssl=1 274w, https:\/\/i0.wp.com\/eriestclairparishes.com\/wp-content\/uploads\/2025\/07\/Screenshot-2025-07-10-at-11.17.53-AM-1.png?resize=11%2C12&amp;ssl=1 11w\" sizes=\"auto, (max-width: 716px) 100vw, 716px\" \/><\/figure><\/div>\n\n\n\n<div class=\"wp-block-media-text is-stacked-on-mobile\" style=\"grid-template-columns:22% auto\"><figure class=\"wp-block-media-text__media\"><img data-recalc-dims=\"1\" loading=\"lazy\" decoding=\"async\" width=\"698\" height=\"702\" src=\"https:\/\/i0.wp.com\/eriestclairparishes.com\/wp-content\/uploads\/2024\/08\/screenshot-2024-08-06-at-12.56.32e280afpm.png?resize=698%2C702&#038;ssl=1\" alt=\"\" class=\"wp-image-5659 size-full\"\/><\/figure><div class=\"wp-block-media-text__content\">\n<p class=\"wp-block-paragraph\">vacant<br>Finance Committee &#8211; St. Peter&#8217;s on the Thames<\/p>\n<\/div><\/div>\n\n\n\n<div class=\"wp-block-media-text has-media-on-the-right is-stacked-on-mobile\" style=\"grid-template-columns:auto 22%\"><div class=\"wp-block-media-text__content\">\n<p class=\"has-text-align-right wp-block-paragraph\">Sheri Peltier<br>Finance Committee (Sec.) &#8211; St. Peter&#8217;s on the Thames<\/p>\n<\/div><figure class=\"wp-block-media-text__media\"><img data-recalc-dims=\"1\" loading=\"lazy\" decoding=\"async\" width=\"182\" height=\"182\" src=\"https:\/\/i0.wp.com\/eriestclairparishes.com\/wp-content\/uploads\/2024\/08\/screenshot-2024-08-06-at-12.50.03e280afpm.png?resize=182%2C182&#038;ssl=1\" alt=\"\" class=\"wp-image-5650 size-full\"\/><\/figure><\/div>\n\n\n\n<div class=\"wp-block-media-text is-stacked-on-mobile\" style=\"grid-template-columns:23% auto\"><figure class=\"wp-block-media-text__media\"><img data-recalc-dims=\"1\" loading=\"lazy\" decoding=\"async\" width=\"180\" height=\"180\" src=\"https:\/\/i0.wp.com\/eriestclairparishes.com\/wp-content\/uploads\/2024\/08\/screenshot-2024-08-06-at-12.50.46e280afpm.png?resize=180%2C180&#038;ssl=1\" alt=\"\" class=\"wp-image-5651 size-full\"\/><\/figure><div class=\"wp-block-media-text__content\">\n<p class=\"wp-block-paragraph\">Sharron Sims<br>Finance Committee &#8211; St. Francis Xavier<\/p>\n<\/div><\/div>\n\n\n\n<div class=\"wp-block-media-text has-media-on-the-right is-stacked-on-mobile\" style=\"grid-template-columns:auto 25%\"><div class=\"wp-block-media-text__content\">\n<p class=\"has-text-align-right wp-block-paragraph\">Vacant<br>Finance Committee &#8211; St. Francis Xavier<\/p>\n<\/div><figure class=\"wp-block-media-text__media\"><img data-recalc-dims=\"1\" loading=\"lazy\" decoding=\"async\" width=\"698\" height=\"702\" src=\"https:\/\/i0.wp.com\/eriestclairparishes.com\/wp-content\/uploads\/2024\/08\/screenshot-2024-08-06-at-12.56.32e280afpm-1.png?resize=698%2C702&#038;ssl=1\" alt=\"\" class=\"wp-image-5661 size-full\"\/><\/figure><\/div>\n\n\n\n<div class=\"wp-block-media-text is-stacked-on-mobile\" style=\"grid-template-columns:25% auto\"><figure class=\"wp-block-media-text__media\"><img data-recalc-dims=\"1\" loading=\"lazy\" decoding=\"async\" width=\"698\" height=\"702\" src=\"https:\/\/i0.wp.com\/eriestclairparishes.com\/wp-content\/uploads\/2024\/08\/screenshot-2024-08-06-at-12.56.32e280afpm-2.png?resize=698%2C702&#038;ssl=1\" alt=\"\" class=\"wp-image-5662 size-full\"\/><\/figure><div class=\"wp-block-media-text__content\">\n<p class=\"wp-block-paragraph\">Joseph Dubuque<br>Finance Committee Immacul\u00e9e Conception &amp; Saint-Philippe<\/p>\n<\/div><\/div>\n\n\n\n<div class=\"wp-block-media-text has-media-on-the-right is-stacked-on-mobile\" style=\"grid-template-columns:auto 25%\"><div class=\"wp-block-media-text__content\">\n<p class=\"has-text-align-right wp-block-paragraph\">Daniel B\u00e9langer<br>Finance Committee -Immacul\u00e9e Conception &amp; Saint-Philippe<\/p>\n<\/div><figure class=\"wp-block-media-text__media\"><img data-recalc-dims=\"1\" loading=\"lazy\" decoding=\"async\" width=\"698\" height=\"702\" src=\"https:\/\/i0.wp.com\/eriestclairparishes.com\/wp-content\/uploads\/2024\/08\/screenshot-2024-08-06-at-12.56.32e280afpm-3.png?resize=698%2C702&#038;ssl=1\" alt=\"\" class=\"wp-image-5663 size-full\"\/><\/figure><\/div>\n\n\n\n<div class=\"wp-block-media-text is-stacked-on-mobile\" style=\"grid-template-columns:22% auto\"><figure class=\"wp-block-media-text__media\"><img data-recalc-dims=\"1\" loading=\"lazy\" decoding=\"async\" width=\"184\" height=\"186\" src=\"https:\/\/i0.wp.com\/eriestclairparishes.com\/wp-content\/uploads\/2024\/08\/screenshot-2024-08-06-at-12.52.50e280afpm.png?resize=184%2C186&#038;ssl=1\" alt=\"\" class=\"wp-image-5655 size-full\"\/><\/figure><div class=\"wp-block-media-text__content\">\n<p class=\"wp-block-paragraph\">Margie Derikx<br>Finance Committee (Chair) &#8211; Visitation<\/p>\n<\/div><\/div>\n\n\n\n<div class=\"wp-block-media-text has-media-on-the-right is-stacked-on-mobile\" style=\"grid-template-columns:auto 24%\"><div class=\"wp-block-media-text__content\">\n<p class=\"has-text-align-right wp-block-paragraph\">Pierre Masse<br>Finance Committee &#8211; Visitation<\/p>\n<\/div><figure class=\"wp-block-media-text__media\"><img data-recalc-dims=\"1\" loading=\"lazy\" decoding=\"async\" width=\"698\" height=\"702\" src=\"https:\/\/i0.wp.com\/eriestclairparishes.com\/wp-content\/uploads\/2024\/08\/screenshot-2024-08-06-at-12.56.32e280afpm-4.png?resize=698%2C702&#038;ssl=1\" alt=\"\" class=\"wp-image-5664 size-full\"\/><\/figure><\/div>\n\n\n\n<div class=\"wp-block-media-text is-stacked-on-mobile\" style=\"grid-template-columns:22% auto\"><figure class=\"wp-block-media-text__media\"><img data-recalc-dims=\"1\" loading=\"lazy\" decoding=\"async\" width=\"180\" height=\"180\" src=\"https:\/\/i0.wp.com\/eriestclairparishes.com\/wp-content\/uploads\/2024\/08\/screenshot-2024-08-02-at-3.10.12e280afpm-1.png?resize=180%2C180&#038;ssl=1\" alt=\"\" class=\"wp-image-5602 size-full\"\/><\/figure><div class=\"wp-block-media-text__content\">\n<p class=\"wp-block-paragraph\">Rachelle Moison<br>Secr\u00e9taire financi\u00e8re<br><a href=\"tel:519-687-3118 X 241\">519-687-3118 X 241<\/a><br><a href=\"mailto:rmoison@dol.ca\">rmoisondol.ca<\/a><\/p>\n<\/div><\/div>\n\n\n\n<div class=\"wp-block-media-text has-media-on-the-right is-stacked-on-mobile\" style=\"grid-template-columns:auto 24%\"><div class=\"wp-block-media-text__content\">\n<p class=\"has-text-align-right wp-block-paragraph\">Jamie Soulli\u00e8re<br>Business Administrator\/Pastoral Minister<br><a href=\"tel:519-687-3118 X 225\">519-687-3118 X 225<\/a><br><a href=\"mailto:jsoulliere@dol.ca\">jsoullieredol.ca<\/a><\/p>\n<\/div><figure class=\"wp-block-media-text__media\"><img data-recalc-dims=\"1\" loading=\"lazy\" decoding=\"async\" width=\"750\" height=\"750\" src=\"https:\/\/i0.wp.com\/eriestclairparishes.com\/wp-content\/uploads\/2024\/08\/img_4522-2535154520-e1722626328195.jpeg?resize=750%2C750&#038;ssl=1\" alt=\"\" class=\"wp-image-5609 size-full\"\/><\/figure><\/div>\n\n\n\n<p class=\"wp-block-paragraph\"><\/p>","protected":false},"excerpt":{"rendered":"<p>Each parish is responsible for their own finances.&nbsp;The finance committee makes decisions together at its monthly meetings,&nbsp;usually on the 4th Monday of the month. Please feel free to discuss anything finance related with any of the finance committee members, especially the two members from your own particular parish.&nbsp; It is best to voice your question,<a class=\"more-link\" href=\"https:\/\/eriestclairparishes.com\/francais\/finance-committee\/\">Lire la suite <span class=\"screen-reader-text\">&#8220;Finance Committee&#8221;<\/span><\/a><\/p>","protected":false},"author":253314130,"featured_media":0,"parent":0,"menu_order":0,"comment_status":"closed","ping_status":"closed","template":"","meta":{"_coblocks_attr":"","_coblocks_dimensions":"","_coblocks_responsive_height":"","_coblocks_accordion_ie_support":"","_crdt_document":"","advanced_seo_description":"","jetpack_seo_html_title":"","jetpack_seo_noindex":false,"footnotes":""},"class_list":["post-5587","page","type-page","status-publish","hentry","entry"],"jetpack_likes_enabled":true,"jetpack_sharing_enabled":true,"jetpack_shortlink":"https:\/\/wp.me\/P4Kgvq-1s7","jetpack-related-posts":[],"_links":{"self":[{"href":"https:\/\/eriestclairparishes.com\/francais\/wp-json\/wp\/v2\/pages\/5587","targetHints":{"allow":["GET"]}}],"collection":[{"href":"https:\/\/eriestclairparishes.com\/francais\/wp-json\/wp\/v2\/pages"}],"about":[{"href":"https:\/\/eriestclairparishes.com\/francais\/wp-json\/wp\/v2\/types\/page"}],"author":[{"embeddable":true,"href":"https:\/\/eriestclairparishes.com\/francais\/wp-json\/wp\/v2\/users\/253314130"}],"replies":[{"embeddable":true,"href":"https:\/\/eriestclairparishes.com\/francais\/wp-json\/wp\/v2\/comments?post=5587"}],"version-history":[{"count":12,"href":"https:\/\/eriestclairparishes.com\/francais\/wp-json\/wp\/v2\/pages\/5587\/revisions"}],"predecessor-version":[{"id":7653,"href":"https:\/\/eriestclairparishes.com\/francais\/wp-json\/wp\/v2\/pages\/5587\/revisions\/7653"}],"wp:attachment":[{"href":"https:\/\/eriestclairparishes.com\/francais\/wp-json\/wp\/v2\/media?parent=5587"}],"curies":[{"name":"wp","href":"https:\/\/api.w.org\/{rel}","templated":true}]}}

Comité des finances

<p class="wp-block-paragraph"><strong>Chaque paroisse est responsable de ses propre finances.&nbsp;</strong>Le comité des finances prend ses décisions lors de réunions mensuelles, généralement le quatrième lundi du mois.<br><br>N'hésitez pas à discuter de tout ce qui concerne les finances avec l'un des membres de la commission des finances, en particulier avec les deux membres de votre paroisse.  Il est préférable d'exprimer votre question, votre suggestion ou votre inquiétude au moins une semaine avant la réunion afin qu'elle soit inscrite à l'ordre du jour de la prochaine réunion.&nbsp;</p>



<hr class="wp-block-separator has-alpha-channel-opacity is-style-wide"/>



<h4 class="wp-block-heading">Membres du Comité des finances</h4>



<div class="wp-block-media-text is-stacked-on-mobile" style="grid-template-columns:24% auto"><figure class="wp-block-media-text__media"><img data-recalc-dims="1" loading="lazy" decoding="async" width="400" height="400" src="https://i0.wp.com/eriestclairparishes.com/wp-content/uploads/2025/07/21316723-1699884497077-42a2e85573dc9-1.jpg?resize=400%2C400&#038;ssl=1" alt="" class="wp-image-7646 size-full" srcset="https://i0.wp.com/eriestclairparishes.com/wp-content/uploads/2025/07/21316723-1699884497077-42a2e85573dc9-1.jpg?w=400&amp;ssl=1 400w, https://i0.wp.com/eriestclairparishes.com/wp-content/uploads/2025/07/21316723-1699884497077-42a2e85573dc9-1.jpg?resize=300%2C300&amp;ssl=1 300w, https://i0.wp.com/eriestclairparishes.com/wp-content/uploads/2025/07/21316723-1699884497077-42a2e85573dc9-1.jpg?resize=150%2C150&amp;ssl=1 150w, https://i0.wp.com/eriestclairparishes.com/wp-content/uploads/2025/07/21316723-1699884497077-42a2e85573dc9-1.jpg?resize=12%2C12&amp;ssl=1 12w, https://i0.wp.com/eriestclairparishes.com/wp-content/uploads/2025/07/21316723-1699884497077-42a2e85573dc9-1.jpg?resize=200%2C200&amp;ssl=1 200w" sizes="auto, (max-width: 400px) 100vw, 400px" /></figure><div class="wp-block-media-text__content">
<p class="wp-block-paragraph">Père Kieran Alaribe<br>Pasteur de la famille des paroisses catholiques d'Erie et de St. Clair<br><a href="tel:(519) 687-3118 X 222">(519) 687-3118 X 222</a><br><a href="mailto:kalaribe@dol.ca">kalaribedol.ca</a></p>
</div></div>



<div class="wp-block-media-text has-media-on-the-right is-stacked-on-mobile" style="grid-template-columns:auto 25%"><div class="wp-block-media-text__content">
<p class="has-text-align-right wp-block-paragraph">Père Edward Okorie<br>Pasteur adjoint<br><a href="tel:(519) 687-3118  X 223">(519) 687-3118 X 223</a><br><a href="mailto:eokorie@dol.ca">eokoriedol.ca</a></p>
</div><figure class="wp-block-media-text__media"><img data-recalc-dims="1" loading="lazy" decoding="async" width="716" height="785" src="https://i0.wp.com/eriestclairparishes.com/wp-content/uploads/2025/07/Screenshot-2025-07-10-at-11.17.53-AM-1.png?resize=716%2C785&#038;ssl=1" alt="" class="wp-image-7648 size-full" srcset="https://i0.wp.com/eriestclairparishes.com/wp-content/uploads/2025/07/Screenshot-2025-07-10-at-11.17.53-AM-1.png?w=716&amp;ssl=1 716w, https://i0.wp.com/eriestclairparishes.com/wp-content/uploads/2025/07/Screenshot-2025-07-10-at-11.17.53-AM-1.png?resize=274%2C300&amp;ssl=1 274w, https://i0.wp.com/eriestclairparishes.com/wp-content/uploads/2025/07/Screenshot-2025-07-10-at-11.17.53-AM-1.png?resize=11%2C12&amp;ssl=1 11w" sizes="auto, (max-width: 716px) 100vw, 716px" /></figure></div>



<div class="wp-block-media-text is-stacked-on-mobile" style="grid-template-columns:22% auto"><figure class="wp-block-media-text__media"><img data-recalc-dims="1" loading="lazy" decoding="async" width="698" height="702" src="https://i0.wp.com/eriestclairparishes.com/wp-content/uploads/2024/08/screenshot-2024-08-06-at-12.56.32e280afpm.png?resize=698%2C702&#038;ssl=1" alt="" class="wp-image-5659 size-full"/></figure><div class="wp-block-media-text__content">
<p class="wp-block-paragraph">vacant<br>Finance Committee &#8211; St. Peter&#8217;s on the Thames</p>
</div></div>



<div class="wp-block-media-text has-media-on-the-right is-stacked-on-mobile" style="grid-template-columns:auto 22%"><div class="wp-block-media-text__content">
<p class="has-text-align-right wp-block-paragraph">Sheri Peltier<br>Finance Committee (Sec.) &#8211; St. Peter&#8217;s on the Thames</p>
</div><figure class="wp-block-media-text__media"><img data-recalc-dims="1" loading="lazy" decoding="async" width="182" height="182" src="https://i0.wp.com/eriestclairparishes.com/wp-content/uploads/2024/08/screenshot-2024-08-06-at-12.50.03e280afpm.png?resize=182%2C182&#038;ssl=1" alt="" class="wp-image-5650 size-full"/></figure></div>



<div class="wp-block-media-text is-stacked-on-mobile" style="grid-template-columns:23% auto"><figure class="wp-block-media-text__media"><img data-recalc-dims="1" loading="lazy" decoding="async" width="180" height="180" src="https://i0.wp.com/eriestclairparishes.com/wp-content/uploads/2024/08/screenshot-2024-08-06-at-12.50.46e280afpm.png?resize=180%2C180&#038;ssl=1" alt="" class="wp-image-5651 size-full"/></figure><div class="wp-block-media-text__content">
<p class="wp-block-paragraph">Sharron Sims<br>Finance Committee &#8211; St. Francis Xavier</p>
</div></div>



<div class="wp-block-media-text has-media-on-the-right is-stacked-on-mobile" style="grid-template-columns:auto 25%"><div class="wp-block-media-text__content">
<p class="has-text-align-right wp-block-paragraph">Vacant<br>Finance Committee &#8211; St. Francis Xavier</p>
</div><figure class="wp-block-media-text__media"><img data-recalc-dims="1" loading="lazy" decoding="async" width="698" height="702" src="https://i0.wp.com/eriestclairparishes.com/wp-content/uploads/2024/08/screenshot-2024-08-06-at-12.56.32e280afpm-1.png?resize=698%2C702&#038;ssl=1" alt="" class="wp-image-5661 size-full"/></figure></div>



<div class="wp-block-media-text is-stacked-on-mobile" style="grid-template-columns:25% auto"><figure class="wp-block-media-text__media"><img data-recalc-dims="1" loading="lazy" decoding="async" width="698" height="702" src="https://i0.wp.com/eriestclairparishes.com/wp-content/uploads/2024/08/screenshot-2024-08-06-at-12.56.32e280afpm-2.png?resize=698%2C702&#038;ssl=1" alt="" class="wp-image-5662 size-full"/></figure><div class="wp-block-media-text__content">
<p class="wp-block-paragraph">Joseph Dubuque<br>Finance Committee Immaculée Conception &amp; Saint-Philippe</p>
</div></div>



<div class="wp-block-media-text has-media-on-the-right is-stacked-on-mobile" style="grid-template-columns:auto 25%"><div class="wp-block-media-text__content">
<p class="has-text-align-right wp-block-paragraph">Daniel Bélanger<br>Finance Committee -Immaculée Conception &amp; Saint-Philippe</p>
</div><figure class="wp-block-media-text__media"><img data-recalc-dims="1" loading="lazy" decoding="async" width="698" height="702" src="https://i0.wp.com/eriestclairparishes.com/wp-content/uploads/2024/08/screenshot-2024-08-06-at-12.56.32e280afpm-3.png?resize=698%2C702&#038;ssl=1" alt="" class="wp-image-5663 size-full"/></figure></div>



<div class="wp-block-media-text is-stacked-on-mobile" style="grid-template-columns:22% auto"><figure class="wp-block-media-text__media"><img data-recalc-dims="1" loading="lazy" decoding="async" width="184" height="186" src="https://i0.wp.com/eriestclairparishes.com/wp-content/uploads/2024/08/screenshot-2024-08-06-at-12.52.50e280afpm.png?resize=184%2C186&#038;ssl=1" alt="" class="wp-image-5655 size-full"/></figure><div class="wp-block-media-text__content">
<p class="wp-block-paragraph">Margie Derikx<br>Finance Committee (Chair) &#8211; Visitation</p>
</div></div>



<div class="wp-block-media-text has-media-on-the-right is-stacked-on-mobile" style="grid-template-columns:auto 24%"><div class="wp-block-media-text__content">
<p class="has-text-align-right wp-block-paragraph">Pierre Masse<br>Finance Committee &#8211; Visitation</p>
</div><figure class="wp-block-media-text__media"><img data-recalc-dims="1" loading="lazy" decoding="async" width="698" height="702" src="https://i0.wp.com/eriestclairparishes.com/wp-content/uploads/2024/08/screenshot-2024-08-06-at-12.56.32e280afpm-4.png?resize=698%2C702&#038;ssl=1" alt="" class="wp-image-5664 size-full"/></figure></div>



<div class="wp-block-media-text is-stacked-on-mobile" style="grid-template-columns:22% auto"><figure class="wp-block-media-text__media"><img data-recalc-dims="1" loading="lazy" decoding="async" width="180" height="180" src="https://i0.wp.com/eriestclairparishes.com/wp-content/uploads/2024/08/screenshot-2024-08-02-at-3.10.12e280afpm-1.png?resize=180%2C180&#038;ssl=1" alt="" class="wp-image-5602 size-full"/></figure><div class="wp-block-media-text__content">
<p class="wp-block-paragraph">Rachelle Moison<br>Secrétaire financière<br><a href="tel:519-687-3118 X 241">519-687-3118 X 241</a><br><a href="mailto:rmoison@dol.ca">rmoisondol.ca</a></p>
</div></div>



<div class="wp-block-media-text has-media-on-the-right is-stacked-on-mobile" style="grid-template-columns:auto 24%"><div class="wp-block-media-text__content">
<p class="has-text-align-right wp-block-paragraph">Jamie Soullière<br>Business Administrator/Pastoral Minister<br><a href="tel:519-687-3118 X 225">519-687-3118 X 225</a><br><a href="mailto:jsoulliere@dol.ca">jsoullieredol.ca</a></p>
</div><figure class="wp-block-media-text__media"><img data-recalc-dims="1" loading="lazy" decoding="async" width="750" height="750" src="https://i0.wp.com/eriestclairparishes.com/wp-content/uploads/2024/08/img_4522-2535154520-e1722626328195.jpeg?resize=750%2C750&#038;ssl=1" alt="" class="wp-image-5609 size-full"/></figure></div>



<p class="wp-block-paragraph"></p>
