{"id":5400,"date":"2024-07-30T13:55:58","date_gmt":"2024-07-30T17:55:58","guid":{"rendered":"https:\/\/eriestclairparishes.com\/?page_id=5400"},"modified":"2025-07-29T12:13:38","modified_gmt":"2025-07-29T16:13:38","slug":"anointing-of-the-sick","status":"publish","type":"page","link":"https:\/\/eriestclairparishes.com\/francais\/anointing-of-the-sick\/","title":{"rendered":"L'onction des malades : espoir et gu\u00e9rison pour tous"},"content":{"rendered":"<div class=\"wp-block-cover\" style=\"min-height:288px;aspect-ratio:unset;\"><img data-recalc-dims=\"1\" loading=\"lazy\" decoding=\"async\" width=\"750\" height=\"375\" class=\"wp-block-cover__image-background wp-image-8106\" alt=\"Two hands holding each other, symbolizing comfort and care, on a bed covered with white sheets.\" src=\"https:\/\/i0.wp.com\/eriestclairparishes.com\/wp-content\/uploads\/2025\/07\/Eriestclair-3.jpg?resize=750%2C375&#038;ssl=1\" data-object-fit=\"cover\" srcset=\"https:\/\/i0.wp.com\/eriestclairparishes.com\/wp-content\/uploads\/2025\/07\/Eriestclair-3.jpg?resize=1024%2C512&amp;ssl=1 1024w, https:\/\/i0.wp.com\/eriestclairparishes.com\/wp-content\/uploads\/2025\/07\/Eriestclair-3.jpg?resize=300%2C150&amp;ssl=1 300w, https:\/\/i0.wp.com\/eriestclairparishes.com\/wp-content\/uploads\/2025\/07\/Eriestclair-3.jpg?resize=768%2C384&amp;ssl=1 768w, https:\/\/i0.wp.com\/eriestclairparishes.com\/wp-content\/uploads\/2025\/07\/Eriestclair-3.jpg?resize=1536%2C768&amp;ssl=1 1536w, https:\/\/i0.wp.com\/eriestclairparishes.com\/wp-content\/uploads\/2025\/07\/Eriestclair-3.jpg?resize=2048%2C1024&amp;ssl=1 2048w, https:\/\/i0.wp.com\/eriestclairparishes.com\/wp-content\/uploads\/2025\/07\/Eriestclair-3.jpg?resize=18%2C9&amp;ssl=1 18w, https:\/\/i0.wp.com\/eriestclairparishes.com\/wp-content\/uploads\/2025\/07\/Eriestclair-3.jpg?resize=1200%2C600&amp;ssl=1 1200w, https:\/\/i0.wp.com\/eriestclairparishes.com\/wp-content\/uploads\/2025\/07\/Eriestclair-3.jpg?resize=1568%2C784&amp;ssl=1 1568w, https:\/\/i0.wp.com\/eriestclairparishes.com\/wp-content\/uploads\/2025\/07\/Eriestclair-3.jpg?w=2250&amp;ssl=1 2250w\" sizes=\"auto, (max-width: 750px) 100vw, 750px\" \/><span aria-hidden=\"true\" class=\"wp-block-cover__background has-background-dim\"><\/span><div class=\"wp-block-cover__inner-container is-layout-flow wp-block-cover-is-layout-flow\">\n<p class=\"has-text-align-center has-large-font-size wp-block-paragraph\"><em>\u00ab Venez \u00e0 moi, vous tous qui peinez sous le poids du fardeau, et moi, je vous procurerai le repos. \u00bb<\/em><br><em> \u2014 Matthieu 11,28<\/em><\/p>\n<\/div><\/div>\n\n\n\n<h2 class=\"wp-block-heading\"><\/h2>\n\n\n\n<hr class=\"wp-block-separator has-alpha-channel-opacity\"\/>\n\n\n\n<h3 class=\"wp-block-heading\">Un sacrement de r\u00e9confort et d\u2019esp\u00e9rance<\/h3>\n\n\n\n<p class=\"wp-block-paragraph\">L\u2019onction des malades n\u2019est pas r\u00e9serv\u00e9e aux derniers instants de la vie. C\u2019est un sacrement de gu\u00e9rison et de paix, offert \u00e0 toute personne gravement malade, en pr\u00e9paration d\u2019une chirurgie, atteinte d\u2019une maladie chronique ou en soins palliatifs. Par la pri\u00e8re, l\u2019imposition des mains et l\u2019huile sainte, la personne re\u00e7oit la force et la gr\u00e2ce du Christ.<\/p>\n\n\n\n<h3 class=\"wp-block-heading\"><\/h3>\n\n\n\n<hr class=\"wp-block-separator has-alpha-channel-opacity\"\/>\n\n\n\n<h3 class=\"wp-block-heading\">Communiquez avec nous  <\/h3>\n\n\n\n<p class=\"wp-block-paragraph\">Si vous ou un proche avez besoin de recevoir l\u2019onction des malades en raison d\u2019une maladie ou d\u2019une intervention m\u00e9dicale \u00e0 venir, veuillez communiquer avec :<\/p>\n\n\n\n<p class=\"wp-block-paragraph\"><strong>Jamie Soulli\u00e8re, ministre pastoral<\/strong><br> <strong>T\u00e9l\u00e9phone:<\/strong> (519) 682-1102, <strong>ext. 225<\/strong><br>Ou contactez le bureau paroissial<\/p>\n\n\n\n<hr class=\"wp-block-separator has-alpha-channel-opacity\"\/>\n\n\n\n<h3 class=\"wp-block-heading\">Qui devrait recevoir l'onction ?<\/h3>\n\n\n\n<ul class=\"wp-block-list\">\n<li>Toute personne qui se pr\u00e9pare \u00e0 subir une chirurgie majeure<\/li>\n\n\n\n<li>Les personnes atteintes d'une maladie grave ou chronique<\/li>\n\n\n\n<li>Personnes \u00e2g\u00e9es dont l'\u00e9tat de sant\u00e9 se d\u00e9t\u00e9riore<\/li>\n\n\n\n<li>Les personnes en fin de vie<\/li>\n\n\n\n<li>Ceux qui souffrent profond\u00e9ment dans leur esprit ou leur \u00e2me<\/li>\n<\/ul>\n\n\n\n<blockquote class=\"wp-block-quote is-layout-flow wp-block-quote-is-layout-flow\">\n<p class=\"wp-block-paragraph\">Le sacrement des malades n'est pas r\u00e9serv\u00e9 aux mourants. Il est un signe de la pr\u00e9sence gu\u00e9rissante de Dieu \u00e0 n'importe quel stade d'une maladie grave.<\/p>\n<\/blockquote>\n\n\n\n<p class=\"wp-block-paragraph\"><\/p>","protected":false},"excerpt":{"rendered":"<p>A Sacrament of Healing and Hope The Anointing of the Sick is not only for those who are dying. It is a sacrament of healing and peace, offered to anyone seriously ill, preparing for surgery, living with chronic pain, or in palliative care. Through prayer, the laying on of hands, and holy oil, the person<a class=\"more-link\" href=\"https:\/\/eriestclairparishes.com\/francais\/anointing-of-the-sick\/\">Lire la suite <span class=\"screen-reader-text\">&#8220;The Anointing of the Sick: Hope and Healing for All&#8221;<\/span><\/a><\/p>","protected":false},"author":253314130,"featured_media":0,"parent":0,"menu_order":0,"comment_status":"closed","ping_status":"closed","template":"","meta":{"_coblocks_attr":"","_coblocks_dimensions":"","_coblocks_responsive_height":"","_coblocks_accordion_ie_support":"","_crdt_document":"","advanced_seo_description":"","jetpack_seo_html_title":"","jetpack_seo_noindex":false,"jetpack_post_was_ever_published":false,"footnotes":""},"class_list":["post-5400","page","type-page","status-publish","hentry","entry"],"jetpack_likes_enabled":true,"jetpack_sharing_enabled":true,"jetpack_shortlink":"https:\/\/wp.me\/P4Kgvq-1p6","jetpack-related-posts":[],"_links":{"self":[{"href":"https:\/\/eriestclairparishes.com\/francais\/wp-json\/wp\/v2\/pages\/5400","targetHints":{"allow":["GET"]}}],"collection":[{"href":"https:\/\/eriestclairparishes.com\/francais\/wp-json\/wp\/v2\/pages"}],"about":[{"href":"https:\/\/eriestclairparishes.com\/francais\/wp-json\/wp\/v2\/types\/page"}],"author":[{"embeddable":true,"href":"https:\/\/eriestclairparishes.com\/francais\/wp-json\/wp\/v2\/users\/253314130"}],"replies":[{"embeddable":true,"href":"https:\/\/eriestclairparishes.com\/francais\/wp-json\/wp\/v2\/comments?post=5400"}],"version-history":[{"count":8,"href":"https:\/\/eriestclairparishes.com\/francais\/wp-json\/wp\/v2\/pages\/5400\/revisions"}],"predecessor-version":[{"id":8110,"href":"https:\/\/eriestclairparishes.com\/francais\/wp-json\/wp\/v2\/pages\/5400\/revisions\/8110"}],"wp:attachment":[{"href":"https:\/\/eriestclairparishes.com\/francais\/wp-json\/wp\/v2\/media?parent=5400"}],"curies":[{"name":"wp","href":"https:\/\/api.w.org\/{rel}","templated":true}]}}