{"id":5364,"date":"2024-07-30T12:06:31","date_gmt":"2024-07-30T16:06:31","guid":{"rendered":"https:\/\/eriestclairparishes.com\/?page_id=5364"},"modified":"2025-07-31T11:22:14","modified_gmt":"2025-07-31T15:22:14","slug":"baptism-2","status":"publish","type":"page","link":"https:\/\/eriestclairparishes.com\/francais\/baptism-2\/","title":{"rendered":"Bapt\u00eame"},"content":{"rendered":"<div class=\"wp-block-cover\" style=\"min-height:206px;aspect-ratio:unset;\"><img data-recalc-dims=\"1\" loading=\"lazy\" decoding=\"async\" width=\"750\" height=\"375\" class=\"wp-block-cover__image-background wp-image-8153\" alt=\"Reflections on water with blue and white hues, symbolizing purity and new beginnings.\" src=\"https:\/\/i0.wp.com\/eriestclairparishes.com\/wp-content\/uploads\/2025\/07\/Eriestclair-6.jpg?resize=750%2C375&#038;ssl=1\" data-object-fit=\"cover\" srcset=\"https:\/\/i0.wp.com\/eriestclairparishes.com\/wp-content\/uploads\/2025\/07\/Eriestclair-6.jpg?resize=1024%2C512&amp;ssl=1 1024w, https:\/\/i0.wp.com\/eriestclairparishes.com\/wp-content\/uploads\/2025\/07\/Eriestclair-6.jpg?resize=300%2C150&amp;ssl=1 300w, https:\/\/i0.wp.com\/eriestclairparishes.com\/wp-content\/uploads\/2025\/07\/Eriestclair-6.jpg?resize=768%2C384&amp;ssl=1 768w, https:\/\/i0.wp.com\/eriestclairparishes.com\/wp-content\/uploads\/2025\/07\/Eriestclair-6.jpg?resize=1536%2C768&amp;ssl=1 1536w, https:\/\/i0.wp.com\/eriestclairparishes.com\/wp-content\/uploads\/2025\/07\/Eriestclair-6.jpg?resize=2048%2C1024&amp;ssl=1 2048w, https:\/\/i0.wp.com\/eriestclairparishes.com\/wp-content\/uploads\/2025\/07\/Eriestclair-6.jpg?resize=18%2C9&amp;ssl=1 18w, https:\/\/i0.wp.com\/eriestclairparishes.com\/wp-content\/uploads\/2025\/07\/Eriestclair-6.jpg?resize=1200%2C600&amp;ssl=1 1200w, https:\/\/i0.wp.com\/eriestclairparishes.com\/wp-content\/uploads\/2025\/07\/Eriestclair-6.jpg?resize=1568%2C784&amp;ssl=1 1568w, https:\/\/i0.wp.com\/eriestclairparishes.com\/wp-content\/uploads\/2025\/07\/Eriestclair-6.jpg?w=2250&amp;ssl=1 2250w\" sizes=\"auto, (max-width: 750px) 100vw, 750px\" \/><span aria-hidden=\"true\" class=\"wp-block-cover__background has-background-dim\"><\/span><div class=\"wp-block-cover__inner-container is-layout-flow wp-block-cover-is-layout-flow\">\n<p class=\"has-text-align-center has-large-font-size wp-block-paragraph\"><em>\u00ab Tu es mon enfant bien-aim\u00e9 ; en toi, je trouve ma joie. \u00bb \u2014 Marc 1,11<\/em><br><\/p>\n<\/div><\/div>\n\n\n\n<hr class=\"wp-block-separator has-alpha-channel-opacity\"\/>\n\n\n\n<h3 class=\"wp-block-heading\">Bienvenue au sacrement du bapt\u00eame<\/h3>\n\n\n\n<p class=\"wp-block-paragraph\">Nous sommes heureux de vous accueillir. Le bapt\u00eame est la premi\u00e8re \u00e9tape du cheminement de foi \u2014 c\u2019est par lui que nous entrons dans la famille de Dieu, recevons le don de l\u2019Esprit Saint, et commen\u00e7ons une nouvelle vie dans le Christ.<\/p>\n\n\n\n<p class=\"wp-block-paragraph\">Que ce soit pour votre <strong>premier enfant<\/strong> ou un autre, c\u2019est une joie pour nous de cheminer avec vous.<\/p>\n\n\n\n<hr class=\"wp-block-separator has-alpha-channel-opacity\"\/>\n\n\n\n<h3 class=\"wp-block-heading\">Quand c\u00e9l\u00e8bre-t-on les bapt\u00eames ?<\/h3>\n\n\n\n<p class=\"wp-block-paragraph\">Les bapt\u00eames sont c\u00e9l\u00e9br\u00e9s pendant la messe le 4e week-end de chaque mois (samedi soir ou dimanche matin), pour permettre \u00e0 la communaut\u00e9 paroissiale d\u2019accueillir l\u2019enfant dans la foi.<\/p>\n\n\n\n<p class=\"wp-block-paragraph\"><strong>Horaire actuel des messes :<\/strong><\/p>\n\n\n\n<ul class=\"wp-block-list\">\n<li>Samedi \u00e0 17 h \u2013 <em>St. Francis Xavier<\/em> &amp; <em>Immacul\u00e9e Conception<\/em><\/li>\n\n\n\n<li>Dimanche \u00e0 8 h \u2013 <em>St. Peter\u2019s<\/em><\/li>\n\n\n\n<li>Dimanche \u00e0 8 h 30 \u2013 <em>Visitation (Fran\u00e7ais)<\/em><\/li>\n\n\n\n<li>Dimanche \u00e0 9 h 45 \u2013 <em>St. Francis Xavier<\/em><\/li>\n\n\n\n<li>Dimanche \u00e0 10 h 30 \u2013 <em>Visitation (Anglais)<\/em><\/li>\n\n\n\n<li>Dimanche \u00e0 11 h 30 \u2013 <em>Immacul\u00e9e Conception<\/em><\/li>\n<\/ul>\n\n\n\n<hr class=\"wp-block-separator has-alpha-channel-opacity\"\/>\n\n\n\n<h3 class=\"wp-block-heading\">Comment commencer <\/h3>\n\n\n\n<p class=\"wp-block-paragraph\">Pour demander le bapt\u00eame :<\/p>\n\n\n\n<p class=\"wp-block-paragraph\">Si vous souhaitez inscrire votre enfant au bapt\u00eame,&nbsp;&nbsp;<a href=\"https:\/\/form.jotform.com\/203175098615256\" target=\"_blank\" rel=\"noreferrer noopener\">veuillez remplir le formulaire en cliquant ICI<\/a>Notre ministre pastoral Jamie Soulli\u00e8re, ou un membre de l\u2019\u00e9quipe paroissiale, vous contactera pour fixer une date et commencer la pr\u00e9paration. Vous pouvez aussi appeler le bureau paroissial au (519) 682-1102.<\/p>\n\n\n\n<h3 class=\"wp-block-heading\">Pr\u00e9paration au bapt\u00eame<\/h3>\n\n\n\n<p class=\"wp-block-paragraph\">Si c\u2019est la premi\u00e8re fois que vous faites baptiser un enfant dans notre famille paroissiale, vous serez invit\u00e9s \u00e0 :<\/p>\n\n\n\n<ul class=\"wp-block-list\">\n<li>Participer \u00e0 une session de pr\u00e9paration<\/li>\n\n\n\n<li>Visionner quelques courtes vid\u00e9os en ligne<\/li>\n\n\n\n<li>Rencontrer un membre de notre \u00e9quipe (en personne ou en virtuel)<\/li>\n<\/ul>\n\n\n\n<p class=\"wp-block-paragraph\">D\u00e9j\u00e0 fait baptiser un enfant chez nous ? Nous vous recommandons quand m\u00eame de regarder les vid\u00e9os, en particulier la deuxi\u00e8me, <em>Soul Bath<\/em>, avec vos autres enfants. Vous pouvez aussi parler avec notre ministre pastoral si vous le souhaitez.<\/p>\n\n\n\n<hr class=\"wp-block-separator has-alpha-channel-opacity\"\/>\n\n\n\n<h3 class=\"wp-block-heading\">Ce que signifie le bapt\u00eame <\/h3>\n\n\n\n<p class=\"wp-block-paragraph\">Le bapt\u00eame n\u2019est pas simplement une tradition \u2014 c\u2019est un sacrement de la vie nouvelle. Votre enfant devient un temple de l\u2019Esprit Saint et un membre du Corps du Christ. En tant que parents et parrains\/marraines, vous promettez d\u2019\u00e9lever votre enfant dans la foi catholique. L\u2019\u00c9glise, de son c\u00f4t\u00e9, promet de vous accompagner sur ce chemin.<\/p>\n\n\n\n<hr class=\"wp-block-separator has-alpha-channel-opacity\"\/>\n\n\n\n<h3 class=\"wp-block-heading\">Des questions ? <\/h3>\n\n\n\n<p class=\"wp-block-paragraph\">Nous sommes l\u00e0 pour vous aider.<\/p>\n\n\n\n<p class=\"wp-block-paragraph\"><strong>Jamie Soulli\u00e8re-Ministre pastoral<\/strong><br> Phone: (519) 682-1102 ext. 225<br>jsoulliere@dol.ca<\/p>\n\n\n\n<hr class=\"wp-block-separator has-alpha-channel-opacity is-style-wide\"\/>\n\n\n\n<ul class=\"wp-block-list\">\n<li>SALLE DE LIVRAISON <br>Questions for&nbsp;video #1: Your dreams for your child are important.&nbsp; Take a moment to&nbsp;write down your answers to the following \u2013 and then share them with your spouse.<br><br><strong>1.<\/strong>&nbsp;Quel type d'habitudes spirituelles aimeriez-vous instaurer dans votre foyer pour votre enfant ?<br><strong>2.&nbsp;<\/strong>Y a-t-il des traditions que vous souhaitez instaurer autour des f\u00eates, des anniversaires, des jours religieux importants, etc.<br><strong>3.&nbsp;<\/strong>D\u00e9crivez les valeurs et la morale que vous esp\u00e9rez voir chez votre enfant lorsqu'il aura 25 ans. Les r\u00eaves que vous avez pour votre enfant sont importants.  Prenez un moment pour&nbsp;<strong>chacun<\/strong>&nbsp;\u00e9crivez vos r\u00e9ponses aux questions ci-dessus, puis partagez-les avec votre conjoint.<br>Lien vers la vid\u00e9o n\u00b0 1 : <a href=\"https:\/\/www.dynamiccatholic.com\/plus\/starting-point\/baptism-1.html\">Cliquez ici<\/a><\/li>\n\n\n\n<li>BAIN DE L'\u00c2ME <br>Questions pour la vid\u00e9o n\u00b02 : Apr\u00e8s avoir regard\u00e9 la deuxi\u00e8me vid\u00e9o, prenez le temps de discuter des points suivants avec votre conjoint :<br><br><strong>1.<\/strong>&nbsp;Quelle est la partie du bapt\u00eame qui vous enthousiasme le plus ?<br><strong>2<\/strong>. Pensez \u00e0 vos propres parrains et marraines - ont-ils jou\u00e9 un r\u00f4le actif dans votre formation \u00e0 la foi ?<br><strong>3<\/strong>. Que pouvez-vous faire pour vous assurer que les parrains et marraines de votre enfant seront aussi activement impliqu\u00e9s dans sa formation \u00e0 la foi que vous le souhaitez ?<br>Lien vers la vid\u00e9o n\u00b02 : <a href=\"https:\/\/www.dynamiccatholic.com\/plus\/starting-point\/baptism-2.html\">Cliquez ici<\/a><\/li>\n\n\n\n<li>LETTRES<br>Questions apr\u00e8s la VID\u00c9O n\u00b0 3 : Discutez des points suivants avec votre conjoint :<br><br><strong>1.<\/strong>&nbsp;Si vous pouviez envoyer un message \u00e0 travers le temps, quelle est la SEULE CHOSE que vous diriez \u00e0 la version de vous-m\u00eame \u00e2g\u00e9e de 18 ans ?<br>Write a letter to your child:&nbsp; (both of you)<br><strong>2.<\/strong>&nbsp;\u00c9crivez une lettre que vous remettrez \u00e0 votre enfant lorsqu'il aura 18 ans.  D\u00e9crivez ce que vous avez ressenti lorsque vous avez vu son visage pour la premi\u00e8re fois, vos sentiments, vos r\u00eaves, vos espoirs pour lui.  D\u00e9crivez le genre de parent que vous esp\u00e9rez \u00eatre pour lui.  Prenez votre temps et conservez-la dans un endroit sp\u00e9cial pour ne pas la perdre !<br>Lien vers la vid\u00e9o n\u00b03 : <a href=\"https:\/\/www.dynamiccatholic.com\/plus\/starting-point\/baptism-3.html\">Cliquez ici<\/a><\/li>\n<\/ul>\n\n\n\n<hr class=\"wp-block-separator has-alpha-channel-opacity is-style-wide\"\/>\n\n\n\n<p class=\"wp-block-paragraph\"><strong>Ces vid\u00e9os et questions font partie des programmes de Dynamic Catholic.  Pour obtenir d'autres ressources gratuites, rendez-vous sur&nbsp;<a href=\"https:\/\/www.dynamiccatholic.com\/\" target=\"_blank\" rel=\"noreferrer noopener\">DynamicCatholic.com.<\/a><\/strong><\/p>\n\n\n\n<figure class=\"wp-block-embed is-type-video is-provider-youtube wp-block-embed-youtube wp-embed-aspect-16-9 wp-has-aspect-ratio\"><div class=\"wp-block-embed__wrapper\">\n<span class=\"embed-youtube\" style=\"text-align:center; display: block;\"><iframe loading=\"lazy\" class=\"youtube-player\" width=\"750\" height=\"422\" src=\"https:\/\/www.youtube.com\/embed\/wccpKBh2XqM?version=3&#038;rel=1&#038;showsearch=0&#038;showinfo=1&#038;iv_load_policy=1&#038;fs=1&#038;hl=fr-CA&#038;autohide=2&#038;wmode=transparent\" allowfullscreen=\"true\" style=\"border:0;\" sandbox=\"allow-scripts allow-same-origin allow-popups allow-presentation allow-popups-to-escape-sandbox\"><\/iframe><\/span>\n<\/div><\/figure>","protected":false},"excerpt":{"rendered":"<p>Welcome to the Sacrament of Baptism We\u2019re so glad you\u2019re here. Baptism is the first step on the lifelong journey of faith\u2014it is how we are welcomed into God\u2019s family, receive the gift of the Holy Spirit, and begin a new life in Christ. Whether you\u2019re preparing for your first child or returning to celebrate<a class=\"more-link\" href=\"https:\/\/eriestclairparishes.com\/francais\/baptism-2\/\">Lire la suite <span class=\"screen-reader-text\">&#8220;Baptism&#8221;<\/span><\/a><\/p>","protected":false},"author":253314130,"featured_media":0,"parent":0,"menu_order":0,"comment_status":"closed","ping_status":"closed","template":"","meta":{"_coblocks_attr":"","_coblocks_dimensions":"","_coblocks_responsive_height":"","_coblocks_accordion_ie_support":"","_crdt_document":"","advanced_seo_description":"","jetpack_seo_html_title":"","jetpack_seo_noindex":false,"footnotes":""},"class_list":["post-5364","page","type-page","status-publish","hentry","entry"],"jetpack_likes_enabled":true,"jetpack_sharing_enabled":true,"jetpack_shortlink":"https:\/\/wp.me\/P4Kgvq-1ow","jetpack-related-posts":[],"_links":{"self":[{"href":"https:\/\/eriestclairparishes.com\/francais\/wp-json\/wp\/v2\/pages\/5364","targetHints":{"allow":["GET"]}}],"collection":[{"href":"https:\/\/eriestclairparishes.com\/francais\/wp-json\/wp\/v2\/pages"}],"about":[{"href":"https:\/\/eriestclairparishes.com\/francais\/wp-json\/wp\/v2\/types\/page"}],"author":[{"embeddable":true,"href":"https:\/\/eriestclairparishes.com\/francais\/wp-json\/wp\/v2\/users\/253314130"}],"replies":[{"embeddable":true,"href":"https:\/\/eriestclairparishes.com\/francais\/wp-json\/wp\/v2\/comments?post=5364"}],"version-history":[{"count":19,"href":"https:\/\/eriestclairparishes.com\/francais\/wp-json\/wp\/v2\/pages\/5364\/revisions"}],"predecessor-version":[{"id":8160,"href":"https:\/\/eriestclairparishes.com\/francais\/wp-json\/wp\/v2\/pages\/5364\/revisions\/8160"}],"wp:attachment":[{"href":"https:\/\/eriestclairparishes.com\/francais\/wp-json\/wp\/v2\/media?parent=5364"}],"curies":[{"name":"wp","href":"https:\/\/api.w.org\/{rel}","templated":true}]}}